ors of 97362.
2, 3, 601
What are the prime factors of 25652?
2, 11, 53
List the prime factors of 57213.
3, 13, 163
List the prime factors of 33987.
3, 11329
List the prime factors of 121967.
121967
What are the prime factors of 4277?
7, 13, 47
What are the prime factors of 138218?
2, 69109
What are the prime factors of 599?
599
What are the prime factors of 115216?
2, 19, 379
What are the prime factors of 1844?
2, 461
What are the prime factors of 2737?
7, 17, 23
What are the prime factors of 19907?
17, 1171
What are the prime factors of 586?
2, 293
List the prime factors of 61009.
13, 19
List the prime factors of 431.
431
List the prime factors of 2352.
2, 3, 7
What are the prime factors of 5216?
2, 163
List the prime factors of 857.
857
What are the prime factors of 2040?
2, 3, 5, 17
What are the prime factors of 8485?
5, 1697
What are the prime factors of 1430?
2, 5, 11, 13
List the prime factors of 40255.
5, 83, 97
List the prime factors of 13595.
5, 2719
List the prime factors of 13613.
13613
List the prime factors of 1302.
2, 3, 7, 31
List the prime factors of 11446.
2, 59, 97
List the prime factors of 10632.
2, 3, 443
List the prime factors of 46218.
2, 3, 7703
What are the prime factors of 12943?
7, 43
List the prime factors of 2820.
2, 3, 5, 47
List the prime factors of 2039.
2039
List the prime factors of 440.
2, 5, 11
What are the prime factors of 1007?
19, 53
What are the prime factors of 100856?
2, 7, 1801
List the prime factors of 20848.
2, 1303
List the prime factors of 25655.
5, 7, 733
What are the prime factors of 1839?
3, 613
List the prime factors of 4500.
2, 3, 5
List the prime factors of 3135.
3, 5, 11, 19
What are the prime factors of 1352?
2, 13
What are the prime factors of 588?
2, 3, 7
List the prime factors of 12788.
2, 23, 139
List the prime factors of 4378.
2, 11, 199
List the prime factors of 14356.
2, 37, 97
What are the prime factors of 24802?
2, 12401
What are the prime factors of 1387?
19, 73
List the prime factors of 1429.
1429
What are the prime factors of 1435?
5, 7, 41
List the prime factors of 446.
2, 223
List the prime factors of 29442.
2, 3, 7, 701
What are the prime factors of 9600?
2, 3, 5
List the prime factors of 16947.
3, 7, 269
What are the prime factors of 45263?
45263
What are the prime factors of 166228?
2, 29, 1433
What are the prime factors of 15252?
2, 3, 31, 41
List the prime factors of 781.
11, 71
List the prime factors of 160.
2, 5
List the prime factors of 3545.
5, 709
What are the prime factors of 735?
3, 5, 7
What are the prime factors of 7926?
2, 3, 1321
List the prime factors of 62416.
2, 47, 83
What are the prime factors of 36433?
36433
What are the prime factors of 3991?
13, 307
List the prime factors of 6734.
2, 7, 13, 37
List the prime factors of 3385.
5, 677
What are the prime factors of 755?
5, 151
List the prime factors of 111.
3, 37
List the prime factors of 71641.
31, 2311
What are the prime factors of 447?
3, 149
What are the prime factors of 3790?
2, 5, 379
What are the prime factors of 27057?
3, 29, 311
List the prime factors of 561.
3, 11, 17
List the prime factors of 9894.
2, 3, 17, 97
What are the prime factors of 13119?
3, 4373
List the prime factors of 4467.
3, 1489
What are the prime factors of 14017?
107, 131
What are the prime factors of 2888?
2, 19
What are the prime factors of 12258?
2, 3, 227
List the prime factors of 15571.
23, 677
What are the prime factors of 1093?
1093
What are the prime factors of 15524?
2, 3881
What are the prime factors of 22705?
5, 19, 239
List the prime factors of 162815.
5, 32563
What are the prime factors of 583?
11, 53
List the prime factors of 717.
3, 239
List the prime factors of 4297.
4297
What are the prime factors of 1122?
2, 3, 11, 17
List the prime factors of 4617.
3, 19
What are the prime factors of 1515?
3, 5, 101
What are the prime factors of 4044?
2, 3, 337
List the prime factors of 6061.
11, 19, 29
List the prime factors of 114214.
2, 57107
List the prime factors of 294.
2, 3, 7
What are the prime factors of 4171?
43, 97
List the prime factors of 1295.
5, 7, 37
List the prime factors of 14123.
29, 487
What are the prime factors of 273?
3, 7, 13
What are the prime factors of 2437?
2437
What are the prime factors of 36985?
5, 13, 569
List the prime factors of 954.
2, 3, 53
What are the prime factors of 26368?
2, 103
List the prime factors of 24919.
24919
What are the prime factors of 2254?
2, 7, 23
What are the prime factors of 16887?
3, 13, 433
List the prime factors of 664.
2, 83
What are the prime factors of 1303?
1303
List the prime factors of 73054.
2, 36527
What are the prime factors of 1942?
2, 971
What are the prime factors of 342?
2, 3, 19
List the prime factors of 1811.
1811
What are the prime factors of 29894?
2, 14947
What are the prime factors of 9140?
2, 5, 457
What are the prime factors of 336?
2, 3, 7
List the prime factors of 1614.
2, 3, 269
What are the prime factors of 1426?
2, 23, 31
List the prime factors of 19138.
2, 7, 1367
What are the prime factors of 1040?
2, 5, 13
List the prime factors of 1661.
11, 151
List the prime factors of 1269.
3, 47
What are the prime factors of 3248?
2, 7, 29
List the prime factors of 28721.
7, 11, 373
List the prime factors of 8705.
5, 1741
What are the prime factors of 3149?
47, 67
List the prime factors of 389.
389
List the prime factors of 13988.
2, 13, 269
List the prime factors of 2749.
2749
What are the prime factors of 134227?
134227
List the prime factors of 192827.
151, 1277
What are the prime factors of 18086?
2, 9043
List the prime factors of 55225.
5, 47
What are the prime factors of 26315?
5, 19, 277
List the prime factors of 328.
2, 41
List the prime factors of 1443.
3, 13, 37
List the prime factors of 13799.
13799
What are the prime factors of 1110?
2, 3, 5, 37
List the prime factors of 8754.
2, 3, 1459
List the prime factors of 2119.
13, 163
What are the prime factors of 19?
19
What are the prime factors of 3370?
2, 5, 337
List the prime factors of 5289.
3, 41, 43
List the prime factors of 125778.
2, 3, 20963
What are the prime factors of 1005?
3, 5, 67
What are the prime factors of 115?
5, 23
List the prime factors of 8893.
8893
List the prime factors of 2168.
2, 271
List the prime factors of 2824.
2, 353
What are the prime factors of 70525?
5, 7, 13, 31
List the prime factors of 8506.
2, 4253
List the prime factors of 2545.
5, 509
List the prime factors of 2280.
2, 3, 5, 19
List the prime factors of 662.
2, 331
List the prime factors of 98877.
3, 23, 1433
List the prime factors of 1870.
2, 5, 11, 17
What are the prime factors of 1590?
2, 3, 5, 53
What are the prime factors of 4216?
2, 17, 31
List the prime factors of 8947.
23, 389
List the prime factors of 1841.
7, 263
List the prime factors of 8920.
2, 5, 223
What are the prime factors of 4711?
7, 673
List the prime factors of 1422.
2, 3, 79
What are the prime factors of 17577?
3, 7, 31
What are the prime factors of 1057?
7, 151
What are the prime factors of 414?
2, 3, 23
What are the prime factors of 2398?
2, 11, 109
What are the prime factors of 447?
3, 149
List the prime factors of 2473.
2473
What are the prime factors of 2916?
2, 3
What are the prime factors of 2794?
2, 11, 127
List the prime factors of 16592.
2, 17, 61
List the prime factors of 878.
2, 439
List the prime factors of 5703.
3, 1901
List the prime factors of 39585.
3, 5, 7, 13, 29
What are the prime factors of 2345?
5, 7, 67
List the prime factors of 751.
751
What are the prime factors of 1361?
1361
List the prime factors of 106756.
2, 13, 2053
What are the prime factors of 4589?
13, 353
List the prime factors of 62528.
2, 977
What are the prime factors of 190114?
2, 19, 5003
List the prime factors of 4130.
2, 5, 7, 59
List the prime factors of 16240.
2, 5, 7, 29
List the prime factors of 71.
71
What are the prime factors of 4745?
5, 13, 73
List the prime factors of 68758.
2, 31, 1109
What are the prime factors of 2552?
2, 11, 29
What are the prime factors of 1028?
2, 257
List the prime factors of 46955.
5, 9391
List the prime factors of 1845.
3, 5, 41
List the prime factors of 2563.
11, 233
List the prime factors of 26448.
2, 3, 19, 29
What are the prime factors of 101?
101
What are the prime factors of 37651?
23, 1637
What are 